{"id":5198,"date":"2023-06-27T13:44:32","date_gmt":"2023-06-27T13:44:32","guid":{"rendered":"https:\/\/iep-sa.com.ar\/nuevo\/?post_type=product&#038;p=5198"},"modified":"2023-10-31T14:45:15","modified_gmt":"2023-10-31T14:45:15","slug":"ekat-rami","status":"publish","type":"product","link":"https:\/\/iep-sa.com.ar\/nuevo\/producto\/ekat-rami\/","title":{"rendered":"EKAT RAMI"},"content":{"rendered":"<h3 style=\"text-align: left;\"><strong>CARACTERISTICAS<\/strong><\/h3>\n<p><a href=\"https:\/\/iep-sa.com.ar\/wp-content\/uploads\/2023\/06\/Ekat-rami-caracteristicas-1.png\"><img fetchpriority=\"high\" decoding=\"async\" class=\" wp-image-5228 alignleft\" src=\"https:\/\/iep-sa.com.ar\/wp-content\/uploads\/2023\/06\/Ekat-rami-caracteristicas-1-1024x173.png\" alt=\"\" width=\"735\" height=\"124\" srcset=\"https:\/\/iep-sa.com.ar\/wp-content\/uploads\/2023\/06\/Ekat-rami-caracteristicas-1-1024x173.png 1024w, https:\/\/iep-sa.com.ar\/wp-content\/uploads\/2023\/06\/Ekat-rami-caracteristicas-1-300x51.png 300w, https:\/\/iep-sa.com.ar\/wp-content\/uploads\/2023\/06\/Ekat-rami-caracteristicas-1-768x130.png 768w, https:\/\/iep-sa.com.ar\/wp-content\/uploads\/2023\/06\/Ekat-rami-caracteristicas-1-1536x260.png 1536w, https:\/\/iep-sa.com.ar\/wp-content\/uploads\/2023\/06\/Ekat-rami-caracteristicas-1-600x101.png 600w, https:\/\/iep-sa.com.ar\/wp-content\/uploads\/2023\/06\/Ekat-rami-caracteristicas-1.png 2010w\" sizes=\"(max-width: 735px) 100vw, 735px\" \/><\/a><\/p>\n<p>&nbsp;<\/p>\n<p>&nbsp;<\/p>\n<p>&nbsp;<\/p>\n<p>&nbsp;<\/p>\n<p>&nbsp;<\/p>\n<p><img decoding=\"async\" class=\"size-full wp-image-5199 alignleft\" src=\"https:\/\/iep-sa.com.ar\/wp-content\/uploads\/2023\/06\/EKAT-RAMI-MEDIDAS.png\" alt=\"\" width=\"728\" height=\"468\" srcset=\"https:\/\/iep-sa.com.ar\/wp-content\/uploads\/2023\/06\/EKAT-RAMI-MEDIDAS.png 728w, https:\/\/iep-sa.com.ar\/wp-content\/uploads\/2023\/06\/EKAT-RAMI-MEDIDAS-300x193.png 300w, https:\/\/iep-sa.com.ar\/wp-content\/uploads\/2023\/06\/EKAT-RAMI-MEDIDAS-600x386.png 600w\" sizes=\"(max-width: 728px) 100vw, 728px\" \/><\/p>\n<p>&nbsp;<\/p>\n<p>&nbsp;<\/p>\n<p>&nbsp;<\/p>\n<p>&nbsp;<\/p>\n<p>&nbsp;<\/p>\n<p>&nbsp;<\/p>\n<p>&nbsp;<\/p>\n<p>&nbsp;<\/p>\n<p>&nbsp;<\/p>\n<p>&nbsp;<\/p>\n<p>&nbsp;<\/p>\n<h3><\/h3>\n<h3><\/h3>\n<h3><\/h3>\n<h3 style=\"text-align: left;\"><strong>MEDIDAS<\/strong><\/h3>\n<p><a href=\"https:\/\/iep-sa.com.ar\/wp-content\/uploads\/2023\/06\/ekat-rami-medidas-1.png\"><img decoding=\"async\" class=\"wp-image-5231 alignleft\" src=\"https:\/\/iep-sa.com.ar\/wp-content\/uploads\/2023\/06\/ekat-rami-medidas-1.png\" alt=\"\" width=\"468\" height=\"184\" srcset=\"https:\/\/iep-sa.com.ar\/wp-content\/uploads\/2023\/06\/ekat-rami-medidas-1.png 850w, https:\/\/iep-sa.com.ar\/wp-content\/uploads\/2023\/06\/ekat-rami-medidas-1-300x118.png 300w, https:\/\/iep-sa.com.ar\/wp-content\/uploads\/2023\/06\/ekat-rami-medidas-1-768x302.png 768w, https:\/\/iep-sa.com.ar\/wp-content\/uploads\/2023\/06\/ekat-rami-medidas-1-600x236.png 600w\" sizes=\"(max-width: 468px) 100vw, 468px\" \/><\/a><\/p>\n<h3 style=\"text-align: left;\"><\/h3>\n<p>&nbsp;<\/p>\n<h3><\/h3>\n<p>&nbsp;<\/p>\n<p>&nbsp;<\/p>\n<p>&nbsp;<\/p>\n<h3 style=\"text-align: left;\"><strong>CURVAS FOTOM\u00c9TRICAS<\/strong><\/h3>\n<h3><a href=\"https:\/\/iep-sa.com.ar\/wp-content\/uploads\/2023\/06\/ekat-rami-fotometra.png\"><img loading=\"lazy\" decoding=\"async\" class=\" wp-image-5230 alignleft\" src=\"https:\/\/iep-sa.com.ar\/wp-content\/uploads\/2023\/06\/ekat-rami-fotometra.png\" alt=\"\" width=\"174\" height=\"156\" \/><\/a><\/h3>\n<h3><\/h3>\n<h3><\/h3>\n<p>&nbsp;<\/p>\n<p>&nbsp;<\/p>\n<h3><\/h3>\n<p>&nbsp;<\/p>\n<p>&nbsp;<\/p>\n<h3><\/h3>\n<p>&nbsp;<\/p>\n<p>&nbsp;<\/p>\n<h3 style=\"text-align: left;\"><b>DESCARGAS<\/b><\/h3>\n<p style=\"text-align: left;\"><a href=\"https:\/\/iep-sa.com.ar\/wp-content\/uploads\/2023\/06\/Ekat-Rami-1.pdf\" target=\"_blank\" rel=\"noopener\">Ficha T\u00e9cnica EKAT RAMI<\/a><\/p>\n<p>&nbsp;<\/p>\n","protected":false},"excerpt":{"rendered":"<h4 style=\"text-align: left;\"><strong>DESCRIPCI\u00d3N T\u00c9CNICA<\/strong><\/h4>\n<div class=\"page\" title=\"Page 2\">\n<div class=\"layoutArea\">\n<div class=\"column\">\n<div class=\"page\" title=\"Page 2\">\n<div class=\"section\">\n<div class=\"layoutArea\">\n<div class=\"column\">\n<p style=\"text-align: left;\">Farola Urbana Decorativa de lineas puras para instalar en forma individual o grupal \u00abtipo ramillete\u00bb, permite lograr configuraciones creativas y de impronta unica que proyecten difertentes efectos luminicos y puntos focales.<br \/>\nLuminaria de disen\u0303o moderno, adecuada para aplicaciones de alumbrado en parques, costaneras, paseos urbanos tanto pu\u0301blicos como privados. Cuerpo en perfileria de aluminio acabado con pintura epoxi, el aluminio es fuerte, liviano, resistente a la corrosio\u0301n y a las roturas por si mismo. Es duradero y adema\u0301s muy versa\u0301til, contribuye a la economi\u0301a circular ya que es un material sustentable e infinitamente reciclable. Difusor en policarbonato. Grado de estanqueidad IP66 e IK08<\/p>\n<\/div>\n<\/div>\n<\/div>\n<\/div>\n<\/div>\n<\/div>\n<\/div>\n","protected":false},"featured_media":5209,"template":"","meta":{"_joinchat":[]},"product_brand":[],"product_cat":[125,128,76,135,60,145,144,127,126,146,124,59],"product_tag":[],"class_list":{"0":"post-5198","1":"product","2":"type-product","3":"status-publish","4":"has-post-thumbnail","6":"product_cat-bicisendas","7":"product_cat-costaneras","8":"product_cat-estacionamientos","9":"product_cat-exterior","10":"product_cat-exterior-decorativo","11":"product_cat-jardines","12":"product_cat-parques","13":"product_cat-paseos","14":"product_cat-peatonales","15":"product_cat-piscinas","16":"product_cat-plazas","17":"product_cat-urbano-decorativo","19":"first","20":"instock","21":"shipping-taxable","22":"product-type-simple","23":"layout-style-1","24":"col-md-4 col-sm-4 col-xs-6","25":"col-lg-3","26":"product-has-gallery","27":"product-style-default"},"yoast_head":"<!-- This site is optimized with the Yoast SEO plugin v27.4 - https:\/\/yoast.com\/product\/yoast-seo-wordpress\/ -->\n<title>EKAT RAMI - IEP - Iluminaci\u00f3n Eficiente Profesional<\/title>\n<meta name=\"robots\" content=\"index, follow, max-snippet:-1, max-image-preview:large, max-video-preview:-1\" \/>\n<link rel=\"canonical\" href=\"https:\/\/iep-sa.com.ar\/producto\/ekat-rami\/\" \/>\n<meta property=\"og:locale\" content=\"es_ES\" \/>\n<meta property=\"og:type\" content=\"article\" \/>\n<meta property=\"og:title\" content=\"EKAT RAMI - IEP - Iluminaci\u00f3n Eficiente Profesional\" \/>\n<meta property=\"og:description\" content=\"DESCRIPCI\u00d3N T\u00c9CNICA        Farola Urbana Decorativa de lineas puras para instalar en forma individual o grupal &quot;tipo ramillete&quot;, permite lograr configuraciones creativas y de impronta unica que proyecten difertentes efectos luminicos y puntos focales. Luminaria de disen\u0303o moderno, adecuada para aplicaciones de alumbrado en parques, costaneras, paseos urbanos tanto pu\u0301blicos como privados. Cuerpo en perfileria de aluminio acabado con pintura epoxi, el aluminio es fuerte, liviano, resistente a la corrosio\u0301n y a las roturas por si mismo. Es duradero y adema\u0301s muy versa\u0301til, contribuye a la economi\u0301a circular ya que es un material sustentable e infinitamente reciclable. Difusor en policarbonato. Grado de estanqueidad IP66 e IK08\" \/>\n<meta property=\"og:url\" content=\"https:\/\/iep-sa.com.ar\/producto\/ekat-rami\/\" \/>\n<meta property=\"og:site_name\" content=\"IEP - Iluminaci\u00f3n Eficiente Profesional\" \/>\n<meta property=\"article:modified_time\" content=\"2023-10-31T14:45:15+00:00\" \/>\n<meta property=\"og:image\" content=\"https:\/\/lightyellow-boar-299687.hostingersite.com\/wp-content\/uploads\/2023\/06\/Ekat-rami-e1687874781520.png\" \/>\n\t<meta property=\"og:image:width\" content=\"729\" \/>\n\t<meta property=\"og:image:height\" content=\"847\" \/>\n\t<meta property=\"og:image:type\" content=\"image\/png\" \/>\n<meta name=\"twitter:card\" content=\"summary_large_image\" \/>\n<meta name=\"twitter:label1\" content=\"Tiempo de lectura\" \/>\n\t<meta name=\"twitter:data1\" content=\"1 minuto\" \/>\n<script type=\"application\/ld+json\" class=\"yoast-schema-graph\">{\"@context\":\"https:\\\/\\\/schema.org\",\"@graph\":[{\"@type\":\"WebPage\",\"@id\":\"https:\\\/\\\/iep-sa.com.ar\\\/producto\\\/ekat-rami\\\/\",\"url\":\"https:\\\/\\\/iep-sa.com.ar\\\/producto\\\/ekat-rami\\\/\",\"name\":\"EKAT RAMI - IEP - Iluminaci\u00f3n Eficiente Profesional\",\"isPartOf\":{\"@id\":\"https:\\\/\\\/iep-sa.com.ar\\\/#website\"},\"primaryImageOfPage\":{\"@id\":\"https:\\\/\\\/iep-sa.com.ar\\\/producto\\\/ekat-rami\\\/#primaryimage\"},\"image\":{\"@id\":\"https:\\\/\\\/iep-sa.com.ar\\\/producto\\\/ekat-rami\\\/#primaryimage\"},\"thumbnailUrl\":\"https:\\\/\\\/iep-sa.com.ar\\\/wp-content\\\/uploads\\\/2023\\\/06\\\/Ekat-rami-e1687874781520.png\",\"datePublished\":\"2023-06-27T13:44:32+00:00\",\"dateModified\":\"2023-10-31T14:45:15+00:00\",\"breadcrumb\":{\"@id\":\"https:\\\/\\\/iep-sa.com.ar\\\/producto\\\/ekat-rami\\\/#breadcrumb\"},\"inLanguage\":\"es\",\"potentialAction\":[{\"@type\":\"ReadAction\",\"target\":[\"https:\\\/\\\/iep-sa.com.ar\\\/producto\\\/ekat-rami\\\/\"]}]},{\"@type\":\"ImageObject\",\"inLanguage\":\"es\",\"@id\":\"https:\\\/\\\/iep-sa.com.ar\\\/producto\\\/ekat-rami\\\/#primaryimage\",\"url\":\"https:\\\/\\\/iep-sa.com.ar\\\/wp-content\\\/uploads\\\/2023\\\/06\\\/Ekat-rami-e1687874781520.png\",\"contentUrl\":\"https:\\\/\\\/iep-sa.com.ar\\\/wp-content\\\/uploads\\\/2023\\\/06\\\/Ekat-rami-e1687874781520.png\",\"width\":729,\"height\":847},{\"@type\":\"BreadcrumbList\",\"@id\":\"https:\\\/\\\/iep-sa.com.ar\\\/producto\\\/ekat-rami\\\/#breadcrumb\",\"itemListElement\":[{\"@type\":\"ListItem\",\"position\":1,\"name\":\"Portada\",\"item\":\"https:\\\/\\\/iep-sa.com.ar\\\/\"},{\"@type\":\"ListItem\",\"position\":2,\"name\":\"Productos\",\"item\":\"https:\\\/\\\/iep-sa.com.ar\\\/productos\\\/\"},{\"@type\":\"ListItem\",\"position\":3,\"name\":\"EKAT RAMI\"}]},{\"@type\":\"WebSite\",\"@id\":\"https:\\\/\\\/iep-sa.com.ar\\\/#website\",\"url\":\"https:\\\/\\\/iep-sa.com.ar\\\/\",\"name\":\"IEP - Iluminaci\u00f3n Eficiente Profesional\",\"description\":\"Iluminaci\u00f3n Vial - Profesional - Decorativa - Estacionamientos - Gasolineras - Deportiva - P\u00fablica - Privada\",\"publisher\":{\"@id\":\"https:\\\/\\\/iep-sa.com.ar\\\/#organization\"},\"potentialAction\":[{\"@type\":\"SearchAction\",\"target\":{\"@type\":\"EntryPoint\",\"urlTemplate\":\"https:\\\/\\\/iep-sa.com.ar\\\/?s={search_term_string}\"},\"query-input\":{\"@type\":\"PropertyValueSpecification\",\"valueRequired\":true,\"valueName\":\"search_term_string\"}}],\"inLanguage\":\"es\"},{\"@type\":\"Organization\",\"@id\":\"https:\\\/\\\/iep-sa.com.ar\\\/#organization\",\"name\":\"IEP - Iluminaci\u00f3n Eficiente Profesional\",\"url\":\"https:\\\/\\\/iep-sa.com.ar\\\/\",\"logo\":{\"@type\":\"ImageObject\",\"inLanguage\":\"es\",\"@id\":\"https:\\\/\\\/iep-sa.com.ar\\\/#\\\/schema\\\/logo\\\/image\\\/\",\"url\":\"https:\\\/\\\/iep-sa.com.ar\\\/wp-content\\\/uploads\\\/2022\\\/11\\\/cropped-favicon.jpg\",\"contentUrl\":\"https:\\\/\\\/iep-sa.com.ar\\\/wp-content\\\/uploads\\\/2022\\\/11\\\/cropped-favicon.jpg\",\"width\":512,\"height\":512,\"caption\":\"IEP - Iluminaci\u00f3n Eficiente Profesional\"},\"image\":{\"@id\":\"https:\\\/\\\/iep-sa.com.ar\\\/#\\\/schema\\\/logo\\\/image\\\/\"}}]}<\/script>\n<!-- \/ Yoast SEO plugin. -->","yoast_head_json":{"title":"EKAT RAMI - IEP - Iluminaci\u00f3n Eficiente Profesional","robots":{"index":"index","follow":"follow","max-snippet":"max-snippet:-1","max-image-preview":"max-image-preview:large","max-video-preview":"max-video-preview:-1"},"canonical":"https:\/\/iep-sa.com.ar\/producto\/ekat-rami\/","og_locale":"es_ES","og_type":"article","og_title":"EKAT RAMI - IEP - Iluminaci\u00f3n Eficiente Profesional","og_description":"DESCRIPCI\u00d3N T\u00c9CNICA        Farola Urbana Decorativa de lineas puras para instalar en forma individual o grupal \"tipo ramillete\", permite lograr configuraciones creativas y de impronta unica que proyecten difertentes efectos luminicos y puntos focales. Luminaria de disen\u0303o moderno, adecuada para aplicaciones de alumbrado en parques, costaneras, paseos urbanos tanto pu\u0301blicos como privados. Cuerpo en perfileria de aluminio acabado con pintura epoxi, el aluminio es fuerte, liviano, resistente a la corrosio\u0301n y a las roturas por si mismo. Es duradero y adema\u0301s muy versa\u0301til, contribuye a la economi\u0301a circular ya que es un material sustentable e infinitamente reciclable. Difusor en policarbonato. Grado de estanqueidad IP66 e IK08","og_url":"https:\/\/iep-sa.com.ar\/producto\/ekat-rami\/","og_site_name":"IEP - Iluminaci\u00f3n Eficiente Profesional","article_modified_time":"2023-10-31T14:45:15+00:00","og_image":[{"width":729,"height":847,"url":"https:\/\/lightyellow-boar-299687.hostingersite.com\/wp-content\/uploads\/2023\/06\/Ekat-rami-e1687874781520.png","type":"image\/png"}],"twitter_card":"summary_large_image","twitter_misc":{"Tiempo de lectura":"1 minuto"},"schema":{"@context":"https:\/\/schema.org","@graph":[{"@type":"WebPage","@id":"https:\/\/iep-sa.com.ar\/producto\/ekat-rami\/","url":"https:\/\/iep-sa.com.ar\/producto\/ekat-rami\/","name":"EKAT RAMI - IEP - Iluminaci\u00f3n Eficiente Profesional","isPartOf":{"@id":"https:\/\/iep-sa.com.ar\/#website"},"primaryImageOfPage":{"@id":"https:\/\/iep-sa.com.ar\/producto\/ekat-rami\/#primaryimage"},"image":{"@id":"https:\/\/iep-sa.com.ar\/producto\/ekat-rami\/#primaryimage"},"thumbnailUrl":"https:\/\/iep-sa.com.ar\/wp-content\/uploads\/2023\/06\/Ekat-rami-e1687874781520.png","datePublished":"2023-06-27T13:44:32+00:00","dateModified":"2023-10-31T14:45:15+00:00","breadcrumb":{"@id":"https:\/\/iep-sa.com.ar\/producto\/ekat-rami\/#breadcrumb"},"inLanguage":"es","potentialAction":[{"@type":"ReadAction","target":["https:\/\/iep-sa.com.ar\/producto\/ekat-rami\/"]}]},{"@type":"ImageObject","inLanguage":"es","@id":"https:\/\/iep-sa.com.ar\/producto\/ekat-rami\/#primaryimage","url":"https:\/\/iep-sa.com.ar\/wp-content\/uploads\/2023\/06\/Ekat-rami-e1687874781520.png","contentUrl":"https:\/\/iep-sa.com.ar\/wp-content\/uploads\/2023\/06\/Ekat-rami-e1687874781520.png","width":729,"height":847},{"@type":"BreadcrumbList","@id":"https:\/\/iep-sa.com.ar\/producto\/ekat-rami\/#breadcrumb","itemListElement":[{"@type":"ListItem","position":1,"name":"Portada","item":"https:\/\/iep-sa.com.ar\/"},{"@type":"ListItem","position":2,"name":"Productos","item":"https:\/\/iep-sa.com.ar\/productos\/"},{"@type":"ListItem","position":3,"name":"EKAT RAMI"}]},{"@type":"WebSite","@id":"https:\/\/iep-sa.com.ar\/#website","url":"https:\/\/iep-sa.com.ar\/","name":"IEP - Iluminaci\u00f3n Eficiente Profesional","description":"Iluminaci\u00f3n Vial - Profesional - Decorativa - Estacionamientos - Gasolineras - Deportiva - P\u00fablica - Privada","publisher":{"@id":"https:\/\/iep-sa.com.ar\/#organization"},"potentialAction":[{"@type":"SearchAction","target":{"@type":"EntryPoint","urlTemplate":"https:\/\/iep-sa.com.ar\/?s={search_term_string}"},"query-input":{"@type":"PropertyValueSpecification","valueRequired":true,"valueName":"search_term_string"}}],"inLanguage":"es"},{"@type":"Organization","@id":"https:\/\/iep-sa.com.ar\/#organization","name":"IEP - Iluminaci\u00f3n Eficiente Profesional","url":"https:\/\/iep-sa.com.ar\/","logo":{"@type":"ImageObject","inLanguage":"es","@id":"https:\/\/iep-sa.com.ar\/#\/schema\/logo\/image\/","url":"https:\/\/iep-sa.com.ar\/wp-content\/uploads\/2022\/11\/cropped-favicon.jpg","contentUrl":"https:\/\/iep-sa.com.ar\/wp-content\/uploads\/2022\/11\/cropped-favicon.jpg","width":512,"height":512,"caption":"IEP - Iluminaci\u00f3n Eficiente Profesional"},"image":{"@id":"https:\/\/iep-sa.com.ar\/#\/schema\/logo\/image\/"}}]}},"_links":{"self":[{"href":"https:\/\/iep-sa.com.ar\/nuevo\/wp-json\/wp\/v2\/product\/5198","targetHints":{"allow":["GET"]}}],"collection":[{"href":"https:\/\/iep-sa.com.ar\/nuevo\/wp-json\/wp\/v2\/product"}],"about":[{"href":"https:\/\/iep-sa.com.ar\/nuevo\/wp-json\/wp\/v2\/types\/product"}],"wp:featuredmedia":[{"embeddable":true,"href":"https:\/\/iep-sa.com.ar\/nuevo\/wp-json\/wp\/v2\/media\/5209"}],"wp:attachment":[{"href":"https:\/\/iep-sa.com.ar\/nuevo\/wp-json\/wp\/v2\/media?parent=5198"}],"wp:term":[{"taxonomy":"product_brand","embeddable":true,"href":"https:\/\/iep-sa.com.ar\/nuevo\/wp-json\/wp\/v2\/product_brand?post=5198"},{"taxonomy":"product_cat","embeddable":true,"href":"https:\/\/iep-sa.com.ar\/nuevo\/wp-json\/wp\/v2\/product_cat?post=5198"},{"taxonomy":"product_tag","embeddable":true,"href":"https:\/\/iep-sa.com.ar\/nuevo\/wp-json\/wp\/v2\/product_tag?post=5198"}],"curies":[{"name":"wp","href":"https:\/\/api.w.org\/{rel}","templated":true}]}}