{"id":3977,"date":"2021-10-20T19:15:25","date_gmt":"2021-10-20T19:15:25","guid":{"rendered":"https:\/\/iep-sa.com.ar\/nuevo\/?post_type=product&#038;p=3977"},"modified":"2022-08-29T16:08:32","modified_gmt":"2022-08-29T16:08:32","slug":"illion-high-bay","status":"publish","type":"product","link":"https:\/\/iep-sa.com.ar\/nuevo\/producto\/illion-high-bay\/","title":{"rendered":"ILLION High bay"},"content":{"rendered":"<h4 style=\"text-align: left;\"><strong>CARACTERISTICAS<\/strong><\/h4>\n<h4 style=\"text-align: left;\"><a href=\"https:\/\/iep-sa.com.ar\/wp-content\/uploads\/2021\/10\/illion-3.png\"><br \/>\n<img fetchpriority=\"high\" decoding=\"async\" class=\"size-large wp-image-4833 alignleft\" src=\"https:\/\/iep-sa.com.ar\/wp-content\/uploads\/2021\/10\/illion-3-1024x191.png\" alt=\"\" width=\"640\" height=\"119\" srcset=\"https:\/\/iep-sa.com.ar\/wp-content\/uploads\/2021\/10\/illion-3-1024x191.png 1024w, https:\/\/iep-sa.com.ar\/wp-content\/uploads\/2021\/10\/illion-3-300x56.png 300w, https:\/\/iep-sa.com.ar\/wp-content\/uploads\/2021\/10\/illion-3-768x143.png 768w, https:\/\/iep-sa.com.ar\/wp-content\/uploads\/2021\/10\/illion-3-600x112.png 600w, https:\/\/iep-sa.com.ar\/wp-content\/uploads\/2021\/10\/illion-3.png 1502w\" sizes=\"(max-width: 640px) 100vw, 640px\" \/><\/a><\/h4>\n<p>&nbsp;<\/p>\n<p>&nbsp;<\/p>\n<p>&nbsp;<\/p>\n<h4><a href=\"https:\/\/iep-sa.com.ar\/wp-content\/uploads\/2021\/10\/ILLION-HB-1.png\"><img decoding=\"async\" class=\" wp-image-4843 alignleft\" src=\"https:\/\/iep-sa.com.ar\/wp-content\/uploads\/2021\/10\/ILLION-HB-1.png\" alt=\"\" width=\"513\" height=\"514\" srcset=\"https:\/\/iep-sa.com.ar\/wp-content\/uploads\/2021\/10\/ILLION-HB-1.png 996w, https:\/\/iep-sa.com.ar\/wp-content\/uploads\/2021\/10\/ILLION-HB-1-300x300.png 300w, https:\/\/iep-sa.com.ar\/wp-content\/uploads\/2021\/10\/ILLION-HB-1-150x150.png 150w, https:\/\/iep-sa.com.ar\/wp-content\/uploads\/2021\/10\/ILLION-HB-1-768x770.png 768w, https:\/\/iep-sa.com.ar\/wp-content\/uploads\/2021\/10\/ILLION-HB-1-100x100.png 100w, https:\/\/iep-sa.com.ar\/wp-content\/uploads\/2021\/10\/ILLION-HB-1-600x601.png 600w\" sizes=\"(max-width: 513px) 100vw, 513px\" \/><\/a><\/h4>\n<h4><\/h4>\n<h4><\/h4>\n<h4><\/h4>\n<h4><\/h4>\n<h4><\/h4>\n<h4><\/h4>\n<h4><\/h4>\n<h4><\/h4>\n<h4><\/h4>\n<h4><\/h4>\n<h4><\/h4>\n<h4><\/h4>\n<h4><\/h4>\n<h4><\/h4>\n<p>&nbsp;<\/p>\n<p>&nbsp;<\/p>\n<p>&nbsp;<\/p>\n<p>&nbsp;<\/p>\n<p>&nbsp;<\/p>\n<p>&nbsp;<\/p>\n<p>&nbsp;<\/p>\n<p>&nbsp;<\/p>\n<p>&nbsp;<\/p>\n<p>&nbsp;<\/p>\n<p>&nbsp;<\/p>\n<p>&nbsp;<\/p>\n<p>&nbsp;<\/p>\n<p>&nbsp;<\/p>\n<h4><\/h4>\n<h4 style=\"text-align: left;\"><strong>MEDIDAS<\/strong><\/h4>\n<div class=\"layoutArea\">\n<div class=\"column\">\n<p><a href=\"https:\/\/iep-sa.com.ar\/wp-content\/uploads\/2021\/10\/illion-5.png\"><img decoding=\"async\" class=\"size-large wp-image-4835 alignleft\" src=\"https:\/\/iep-sa.com.ar\/wp-content\/uploads\/2021\/10\/illion-5.png\" alt=\"\" width=\"640\" height=\"229\" srcset=\"https:\/\/iep-sa.com.ar\/wp-content\/uploads\/2021\/10\/illion-5.png 688w, https:\/\/iep-sa.com.ar\/wp-content\/uploads\/2021\/10\/illion-5-300x107.png 300w, https:\/\/iep-sa.com.ar\/wp-content\/uploads\/2021\/10\/illion-5-600x215.png 600w\" sizes=\"(max-width: 640px) 100vw, 640px\" \/><\/a><\/p>\n<\/div>\n<\/div>\n<p>&nbsp;<\/p>\n<p>&nbsp;<\/p>\n<p>&nbsp;<\/p>\n<p>&nbsp;<\/p>\n<p>&nbsp;<\/p>\n<p>&nbsp;<\/p>\n<p>&nbsp;<\/p>\n<p>&nbsp;<\/p>\n<p>&nbsp;<\/p>\n<p>&nbsp;<\/p>\n<p>&nbsp;<\/p>\n<div class=\"layoutArea\">\n<div class=\"column\">\n<h4 style=\"text-align: left;\"><strong>CURVAS FOTOM\u00c9TRICAS<\/strong><\/h4>\n<\/div>\n<\/div>\n<div class=\"layoutArea\">\n<div class=\"column\">\n<div class=\"column\">\n<h3><a href=\"https:\/\/iep-sa.com.ar\/wp-content\/uploads\/2021\/10\/illion-6.png\"><img loading=\"lazy\" decoding=\"async\" class=\" wp-image-4837 alignleft\" src=\"https:\/\/iep-sa.com.ar\/wp-content\/uploads\/2021\/10\/illion-6.png\" alt=\"\" width=\"394\" height=\"211\" srcset=\"https:\/\/iep-sa.com.ar\/wp-content\/uploads\/2021\/10\/illion-6.png 862w, https:\/\/iep-sa.com.ar\/wp-content\/uploads\/2021\/10\/illion-6-300x161.png 300w, https:\/\/iep-sa.com.ar\/wp-content\/uploads\/2021\/10\/illion-6-768x412.png 768w, https:\/\/iep-sa.com.ar\/wp-content\/uploads\/2021\/10\/illion-6-600x322.png 600w\" sizes=\"(max-width: 394px) 100vw, 394px\" \/><\/a><\/h3>\n<\/div>\n<\/div>\n<\/div>\n<p>&nbsp;<\/p>\n<p>&nbsp;<\/p>\n<p>&nbsp;<\/p>\n<p>&nbsp;<\/p>\n<p>&nbsp;<\/p>\n<p>&nbsp;<\/p>\n<div class=\"layoutArea\">\n<div class=\"column\">\n<div class=\"column\">\n<h3 style=\"text-align: left;\"><b>DESCARGAS<\/b><\/h3>\n<div class=\"wp-block-file\" style=\"text-align: left;\">\n<p><a href=\"https:\/\/iep-sa.com.ar\/wp-content\/uploads\/2021\/10\/ILLION-HIGH-BAY-2.0-1-2.pdf\">ILLION hIgh Bay Ficha T\u00e9cnica<\/a><\/p>\n<p><a href=\"https:\/\/iep-sa.com.ar\/wp-content\/uploads\/2022\/02\/Vali-illion-FOTOMETRIAS.zip\">\u00a0Illion high bay fotometr\u00edas\u00a0<\/a><\/p>\n<\/div>\n<p style=\"text-align: left;\"><a href=\"https:\/\/iep-sa.com.ar\/wp-content\/uploads\/2021\/10\/ILLION-.dwg_.zip\">Illion CAD<\/a><\/p>\n<\/div>\n<\/div>\n<\/div>\n<p>&nbsp;<\/p>\n<p>&nbsp;<\/p>\n<p>&nbsp;<\/p>\n","protected":false},"excerpt":{"rendered":"<p style=\"text-align: left;\">La luminaria Illion LED high bay es la soluci\u00f3n de iluminaci\u00f3n ideal para colocaci\u00f3n en industrias y galpones de gran altura para iluminacion general o en pasillos y diferentes emplazamientos gracias al intercambio de lentes que favorecen las mejores condiciones para cada lugar. Esto es v\u00e1lido para los almacenes y las naves de log\u00edsticas, por ejemplo, para los pabellones deportivos. Requiriendo un m\u00ednimo de mantenimiento durante el servicio. Adem\u00e1s, puede adaptarse a requisitos individuales, proporcionando as\u00ed siempre una alta calidad de luz en todas las \u00e1reas importantes para la seguridad laboral.<\/p>\n","protected":false},"featured_media":4839,"template":"","meta":{"_joinchat":[]},"product_brand":[],"product_cat":[119,132,133,131,76,135,136,129,150,134,151,138,130,154],"product_tag":[],"class_list":{"0":"post-3977","1":"product","2":"type-product","3":"status-publish","4":"has-post-thumbnail","6":"product_cat-aleros","7":"product_cat-areas-de-trabajo","8":"product_cat-camaras-de-frio","9":"product_cat-depositos","10":"product_cat-estacionamientos","11":"product_cat-exterior","12":"product_cat-gasolinerias","13":"product_cat-grandes-areas-de-interior","14":"product_cat-grandes-areas-deportivas","15":"product_cat-interior","16":"product_cat-interior-grandes-areas-deportivas","17":"product_cat-talleres","18":"product_cat-tiendas","19":"product_cat-tuneles-y-puentes","21":"first","22":"instock","23":"shipping-taxable","24":"product-type-simple","25":"layout-style-1","26":"col-md-4 col-sm-4 col-xs-6","27":"col-lg-3","28":"product-has-gallery","29":"product-style-default"},"yoast_head":"<!-- This site is optimized with the Yoast SEO plugin v27.4 - https:\/\/yoast.com\/product\/yoast-seo-wordpress\/ -->\n<title>ILLION High bay - IEP - Iluminaci\u00f3n Eficiente Profesional<\/title>\n<meta name=\"robots\" content=\"index, follow, max-snippet:-1, max-image-preview:large, max-video-preview:-1\" \/>\n<link rel=\"canonical\" href=\"https:\/\/iep-sa.com.ar\/producto\/illion-high-bay\/\" \/>\n<meta property=\"og:locale\" content=\"es_ES\" \/>\n<meta property=\"og:type\" content=\"article\" \/>\n<meta property=\"og:title\" content=\"ILLION High bay - IEP - Iluminaci\u00f3n Eficiente Profesional\" \/>\n<meta property=\"og:description\" content=\"La luminaria Illion LED high bay es la soluci\u00f3n de iluminaci\u00f3n ideal para colocaci\u00f3n en industrias y galpones de gran altura para iluminacion general o en pasillos y diferentes emplazamientos gracias al intercambio de lentes que favorecen las mejores condiciones para cada lugar. Esto es v\u00e1lido para los almacenes y las naves de log\u00edsticas, por ejemplo, para los pabellones deportivos. Requiriendo un m\u00ednimo de mantenimiento durante el servicio. Adem\u00e1s, puede adaptarse a requisitos individuales, proporcionando as\u00ed siempre una alta calidad de luz en todas las \u00e1reas importantes para la seguridad laboral.\" \/>\n<meta property=\"og:url\" content=\"https:\/\/iep-sa.com.ar\/producto\/illion-high-bay\/\" \/>\n<meta property=\"og:site_name\" content=\"IEP - Iluminaci\u00f3n Eficiente Profesional\" \/>\n<meta property=\"article:modified_time\" content=\"2022-08-29T16:08:32+00:00\" \/>\n<meta property=\"og:image\" content=\"https:\/\/lightyellow-boar-299687.hostingersite.com\/wp-content\/uploads\/2021\/10\/ILLION-HB-2.png\" \/>\n\t<meta property=\"og:image:width\" content=\"782\" \/>\n\t<meta property=\"og:image:height\" content=\"612\" \/>\n\t<meta property=\"og:image:type\" content=\"image\/png\" \/>\n<meta name=\"twitter:card\" content=\"summary_large_image\" \/>\n<meta name=\"twitter:label1\" content=\"Tiempo de lectura\" \/>\n\t<meta name=\"twitter:data1\" content=\"1 minuto\" \/>\n<script type=\"application\/ld+json\" class=\"yoast-schema-graph\">{\"@context\":\"https:\\\/\\\/schema.org\",\"@graph\":[{\"@type\":\"WebPage\",\"@id\":\"https:\\\/\\\/iep-sa.com.ar\\\/producto\\\/illion-high-bay\\\/\",\"url\":\"https:\\\/\\\/iep-sa.com.ar\\\/producto\\\/illion-high-bay\\\/\",\"name\":\"ILLION High bay - IEP - Iluminaci\u00f3n Eficiente Profesional\",\"isPartOf\":{\"@id\":\"https:\\\/\\\/iep-sa.com.ar\\\/#website\"},\"primaryImageOfPage\":{\"@id\":\"https:\\\/\\\/iep-sa.com.ar\\\/producto\\\/illion-high-bay\\\/#primaryimage\"},\"image\":{\"@id\":\"https:\\\/\\\/iep-sa.com.ar\\\/producto\\\/illion-high-bay\\\/#primaryimage\"},\"thumbnailUrl\":\"https:\\\/\\\/iep-sa.com.ar\\\/wp-content\\\/uploads\\\/2021\\\/10\\\/ILLION-HB-2.png\",\"datePublished\":\"2021-10-20T19:15:25+00:00\",\"dateModified\":\"2022-08-29T16:08:32+00:00\",\"breadcrumb\":{\"@id\":\"https:\\\/\\\/iep-sa.com.ar\\\/producto\\\/illion-high-bay\\\/#breadcrumb\"},\"inLanguage\":\"es\",\"potentialAction\":[{\"@type\":\"ReadAction\",\"target\":[\"https:\\\/\\\/iep-sa.com.ar\\\/producto\\\/illion-high-bay\\\/\"]}]},{\"@type\":\"ImageObject\",\"inLanguage\":\"es\",\"@id\":\"https:\\\/\\\/iep-sa.com.ar\\\/producto\\\/illion-high-bay\\\/#primaryimage\",\"url\":\"https:\\\/\\\/iep-sa.com.ar\\\/wp-content\\\/uploads\\\/2021\\\/10\\\/ILLION-HB-2.png\",\"contentUrl\":\"https:\\\/\\\/iep-sa.com.ar\\\/wp-content\\\/uploads\\\/2021\\\/10\\\/ILLION-HB-2.png\",\"width\":782,\"height\":612},{\"@type\":\"BreadcrumbList\",\"@id\":\"https:\\\/\\\/iep-sa.com.ar\\\/producto\\\/illion-high-bay\\\/#breadcrumb\",\"itemListElement\":[{\"@type\":\"ListItem\",\"position\":1,\"name\":\"Portada\",\"item\":\"https:\\\/\\\/iep-sa.com.ar\\\/\"},{\"@type\":\"ListItem\",\"position\":2,\"name\":\"Productos\",\"item\":\"https:\\\/\\\/iep-sa.com.ar\\\/productos\\\/\"},{\"@type\":\"ListItem\",\"position\":3,\"name\":\"ILLION High bay\"}]},{\"@type\":\"WebSite\",\"@id\":\"https:\\\/\\\/iep-sa.com.ar\\\/#website\",\"url\":\"https:\\\/\\\/iep-sa.com.ar\\\/\",\"name\":\"IEP - Iluminaci\u00f3n Eficiente Profesional\",\"description\":\"Iluminaci\u00f3n Vial - Profesional - Decorativa - Estacionamientos - Gasolineras - Deportiva - P\u00fablica - Privada\",\"publisher\":{\"@id\":\"https:\\\/\\\/iep-sa.com.ar\\\/#organization\"},\"potentialAction\":[{\"@type\":\"SearchAction\",\"target\":{\"@type\":\"EntryPoint\",\"urlTemplate\":\"https:\\\/\\\/iep-sa.com.ar\\\/?s={search_term_string}\"},\"query-input\":{\"@type\":\"PropertyValueSpecification\",\"valueRequired\":true,\"valueName\":\"search_term_string\"}}],\"inLanguage\":\"es\"},{\"@type\":\"Organization\",\"@id\":\"https:\\\/\\\/iep-sa.com.ar\\\/#organization\",\"name\":\"IEP - Iluminaci\u00f3n Eficiente Profesional\",\"url\":\"https:\\\/\\\/iep-sa.com.ar\\\/\",\"logo\":{\"@type\":\"ImageObject\",\"inLanguage\":\"es\",\"@id\":\"https:\\\/\\\/iep-sa.com.ar\\\/#\\\/schema\\\/logo\\\/image\\\/\",\"url\":\"https:\\\/\\\/iep-sa.com.ar\\\/wp-content\\\/uploads\\\/2022\\\/11\\\/cropped-favicon.jpg\",\"contentUrl\":\"https:\\\/\\\/iep-sa.com.ar\\\/wp-content\\\/uploads\\\/2022\\\/11\\\/cropped-favicon.jpg\",\"width\":512,\"height\":512,\"caption\":\"IEP - Iluminaci\u00f3n Eficiente Profesional\"},\"image\":{\"@id\":\"https:\\\/\\\/iep-sa.com.ar\\\/#\\\/schema\\\/logo\\\/image\\\/\"}}]}<\/script>\n<!-- \/ Yoast SEO plugin. -->","yoast_head_json":{"title":"ILLION High bay - IEP - Iluminaci\u00f3n Eficiente Profesional","robots":{"index":"index","follow":"follow","max-snippet":"max-snippet:-1","max-image-preview":"max-image-preview:large","max-video-preview":"max-video-preview:-1"},"canonical":"https:\/\/iep-sa.com.ar\/producto\/illion-high-bay\/","og_locale":"es_ES","og_type":"article","og_title":"ILLION High bay - IEP - Iluminaci\u00f3n Eficiente Profesional","og_description":"La luminaria Illion LED high bay es la soluci\u00f3n de iluminaci\u00f3n ideal para colocaci\u00f3n en industrias y galpones de gran altura para iluminacion general o en pasillos y diferentes emplazamientos gracias al intercambio de lentes que favorecen las mejores condiciones para cada lugar. Esto es v\u00e1lido para los almacenes y las naves de log\u00edsticas, por ejemplo, para los pabellones deportivos. Requiriendo un m\u00ednimo de mantenimiento durante el servicio. Adem\u00e1s, puede adaptarse a requisitos individuales, proporcionando as\u00ed siempre una alta calidad de luz en todas las \u00e1reas importantes para la seguridad laboral.","og_url":"https:\/\/iep-sa.com.ar\/producto\/illion-high-bay\/","og_site_name":"IEP - Iluminaci\u00f3n Eficiente Profesional","article_modified_time":"2022-08-29T16:08:32+00:00","og_image":[{"width":782,"height":612,"url":"https:\/\/lightyellow-boar-299687.hostingersite.com\/wp-content\/uploads\/2021\/10\/ILLION-HB-2.png","type":"image\/png"}],"twitter_card":"summary_large_image","twitter_misc":{"Tiempo de lectura":"1 minuto"},"schema":{"@context":"https:\/\/schema.org","@graph":[{"@type":"WebPage","@id":"https:\/\/iep-sa.com.ar\/producto\/illion-high-bay\/","url":"https:\/\/iep-sa.com.ar\/producto\/illion-high-bay\/","name":"ILLION High bay - IEP - Iluminaci\u00f3n Eficiente Profesional","isPartOf":{"@id":"https:\/\/iep-sa.com.ar\/#website"},"primaryImageOfPage":{"@id":"https:\/\/iep-sa.com.ar\/producto\/illion-high-bay\/#primaryimage"},"image":{"@id":"https:\/\/iep-sa.com.ar\/producto\/illion-high-bay\/#primaryimage"},"thumbnailUrl":"https:\/\/iep-sa.com.ar\/wp-content\/uploads\/2021\/10\/ILLION-HB-2.png","datePublished":"2021-10-20T19:15:25+00:00","dateModified":"2022-08-29T16:08:32+00:00","breadcrumb":{"@id":"https:\/\/iep-sa.com.ar\/producto\/illion-high-bay\/#breadcrumb"},"inLanguage":"es","potentialAction":[{"@type":"ReadAction","target":["https:\/\/iep-sa.com.ar\/producto\/illion-high-bay\/"]}]},{"@type":"ImageObject","inLanguage":"es","@id":"https:\/\/iep-sa.com.ar\/producto\/illion-high-bay\/#primaryimage","url":"https:\/\/iep-sa.com.ar\/wp-content\/uploads\/2021\/10\/ILLION-HB-2.png","contentUrl":"https:\/\/iep-sa.com.ar\/wp-content\/uploads\/2021\/10\/ILLION-HB-2.png","width":782,"height":612},{"@type":"BreadcrumbList","@id":"https:\/\/iep-sa.com.ar\/producto\/illion-high-bay\/#breadcrumb","itemListElement":[{"@type":"ListItem","position":1,"name":"Portada","item":"https:\/\/iep-sa.com.ar\/"},{"@type":"ListItem","position":2,"name":"Productos","item":"https:\/\/iep-sa.com.ar\/productos\/"},{"@type":"ListItem","position":3,"name":"ILLION High bay"}]},{"@type":"WebSite","@id":"https:\/\/iep-sa.com.ar\/#website","url":"https:\/\/iep-sa.com.ar\/","name":"IEP - Iluminaci\u00f3n Eficiente Profesional","description":"Iluminaci\u00f3n Vial - Profesional - Decorativa - Estacionamientos - Gasolineras - Deportiva - P\u00fablica - Privada","publisher":{"@id":"https:\/\/iep-sa.com.ar\/#organization"},"potentialAction":[{"@type":"SearchAction","target":{"@type":"EntryPoint","urlTemplate":"https:\/\/iep-sa.com.ar\/?s={search_term_string}"},"query-input":{"@type":"PropertyValueSpecification","valueRequired":true,"valueName":"search_term_string"}}],"inLanguage":"es"},{"@type":"Organization","@id":"https:\/\/iep-sa.com.ar\/#organization","name":"IEP - Iluminaci\u00f3n Eficiente Profesional","url":"https:\/\/iep-sa.com.ar\/","logo":{"@type":"ImageObject","inLanguage":"es","@id":"https:\/\/iep-sa.com.ar\/#\/schema\/logo\/image\/","url":"https:\/\/iep-sa.com.ar\/wp-content\/uploads\/2022\/11\/cropped-favicon.jpg","contentUrl":"https:\/\/iep-sa.com.ar\/wp-content\/uploads\/2022\/11\/cropped-favicon.jpg","width":512,"height":512,"caption":"IEP - Iluminaci\u00f3n Eficiente Profesional"},"image":{"@id":"https:\/\/iep-sa.com.ar\/#\/schema\/logo\/image\/"}}]}},"_links":{"self":[{"href":"https:\/\/iep-sa.com.ar\/nuevo\/wp-json\/wp\/v2\/product\/3977","targetHints":{"allow":["GET"]}}],"collection":[{"href":"https:\/\/iep-sa.com.ar\/nuevo\/wp-json\/wp\/v2\/product"}],"about":[{"href":"https:\/\/iep-sa.com.ar\/nuevo\/wp-json\/wp\/v2\/types\/product"}],"wp:featuredmedia":[{"embeddable":true,"href":"https:\/\/iep-sa.com.ar\/nuevo\/wp-json\/wp\/v2\/media\/4839"}],"wp:attachment":[{"href":"https:\/\/iep-sa.com.ar\/nuevo\/wp-json\/wp\/v2\/media?parent=3977"}],"wp:term":[{"taxonomy":"product_brand","embeddable":true,"href":"https:\/\/iep-sa.com.ar\/nuevo\/wp-json\/wp\/v2\/product_brand?post=3977"},{"taxonomy":"product_cat","embeddable":true,"href":"https:\/\/iep-sa.com.ar\/nuevo\/wp-json\/wp\/v2\/product_cat?post=3977"},{"taxonomy":"product_tag","embeddable":true,"href":"https:\/\/iep-sa.com.ar\/nuevo\/wp-json\/wp\/v2\/product_tag?post=3977"}],"curies":[{"name":"wp","href":"https:\/\/api.w.org\/{rel}","templated":true}]}}