{"id":3826,"date":"2021-10-20T12:59:02","date_gmt":"2021-10-20T12:59:02","guid":{"rendered":"https:\/\/iep-sa.com.ar\/nuevo\/?post_type=product&#038;p=3826"},"modified":"2024-01-23T14:28:02","modified_gmt":"2024-01-23T14:28:02","slug":"fo14","status":"publish","type":"product","link":"https:\/\/iep-sa.com.ar\/nuevo\/producto\/fo14\/","title":{"rendered":"FO14"},"content":{"rendered":"<h4 style=\"text-align: left;\"><\/h4>\n<h4 style=\"text-align: left;\"><strong>CARACTERISTICAS<\/strong><\/h4>\n<h4><a href=\"https:\/\/iep-sa.com.ar\/wp-content\/uploads\/2021\/10\/fo14.png\"><img fetchpriority=\"high\" decoding=\"async\" class=\"size-large wp-image-4712 alignleft\" src=\"https:\/\/iep-sa.com.ar\/wp-content\/uploads\/2021\/10\/fo14-1024x186.png\" alt=\"\" width=\"640\" height=\"116\" srcset=\"https:\/\/iep-sa.com.ar\/wp-content\/uploads\/2021\/10\/fo14-1024x186.png 1024w, https:\/\/iep-sa.com.ar\/wp-content\/uploads\/2021\/10\/fo14-300x54.png 300w, https:\/\/iep-sa.com.ar\/wp-content\/uploads\/2021\/10\/fo14-768x139.png 768w, https:\/\/iep-sa.com.ar\/wp-content\/uploads\/2021\/10\/fo14-600x109.png 600w, https:\/\/iep-sa.com.ar\/wp-content\/uploads\/2021\/10\/fo14.png 1378w\" sizes=\"(max-width: 640px) 100vw, 640px\" \/><\/a><\/h4>\n<h4><\/h4>\n<h4><\/h4>\n<p>&nbsp;<\/p>\n<p>&nbsp;<\/p>\n<p>&nbsp;<\/p>\n<p><a href=\"https:\/\/iep-sa.com.ar\/wp-content\/uploads\/2021\/10\/fo14-especificacion-1.png\"><img decoding=\"async\" class=\"wp-image-5351 alignleft\" src=\"https:\/\/iep-sa.com.ar\/wp-content\/uploads\/2021\/10\/fo14-especificacion-1.png\" alt=\"\" width=\"472\" height=\"453\" srcset=\"https:\/\/iep-sa.com.ar\/wp-content\/uploads\/2021\/10\/fo14-especificacion-1.png 988w, https:\/\/iep-sa.com.ar\/wp-content\/uploads\/2021\/10\/fo14-especificacion-1-300x288.png 300w, https:\/\/iep-sa.com.ar\/wp-content\/uploads\/2021\/10\/fo14-especificacion-1-768x737.png 768w, https:\/\/iep-sa.com.ar\/wp-content\/uploads\/2021\/10\/fo14-especificacion-1-600x576.png 600w\" sizes=\"(max-width: 472px) 100vw, 472px\" \/><\/a><\/p>\n<h4><\/h4>\n<p>&nbsp;<\/p>\n<p>&nbsp;<\/p>\n<p>&nbsp;<\/p>\n<h4><\/h4>\n<h4><\/h4>\n<h4><\/h4>\n<h4><\/h4>\n<h4><\/h4>\n<h4><\/h4>\n<h4><\/h4>\n<p>&nbsp;<\/p>\n<p>&nbsp;<\/p>\n<p>&nbsp;<\/p>\n<h4><\/h4>\n<h4><\/h4>\n<p>&nbsp;<\/p>\n<p>&nbsp;<\/p>\n<p>&nbsp;<\/p>\n<h4 style=\"text-align: left;\"><strong>MEDIDAS<\/strong><\/h4>\n<h4><\/h4>\n<h3><a href=\"https:\/\/iep-sa.com.ar\/wp-content\/uploads\/2021\/10\/fo14-medidas.png\"><img decoding=\"async\" class=\" wp-image-5350 alignleft\" src=\"https:\/\/iep-sa.com.ar\/wp-content\/uploads\/2021\/10\/fo14-medidas-1024x860.png\" alt=\"\" width=\"483\" height=\"405\" srcset=\"https:\/\/iep-sa.com.ar\/wp-content\/uploads\/2021\/10\/fo14-medidas-1024x860.png 1024w, https:\/\/iep-sa.com.ar\/wp-content\/uploads\/2021\/10\/fo14-medidas-300x252.png 300w, https:\/\/iep-sa.com.ar\/wp-content\/uploads\/2021\/10\/fo14-medidas-768x645.png 768w, https:\/\/iep-sa.com.ar\/wp-content\/uploads\/2021\/10\/fo14-medidas-1536x1289.png 1536w, https:\/\/iep-sa.com.ar\/wp-content\/uploads\/2021\/10\/fo14-medidas-600x504.png 600w, https:\/\/iep-sa.com.ar\/wp-content\/uploads\/2021\/10\/fo14-medidas.png 1570w\" sizes=\"(max-width: 483px) 100vw, 483px\" \/><\/a><\/h3>\n<h3><\/h3>\n<h3><\/h3>\n<h3><\/h3>\n<h3><\/h3>\n<h3><\/h3>\n<h3><\/h3>\n<h3><\/h3>\n<h3><\/h3>\n<p>&nbsp;<\/p>\n<p>&nbsp;<\/p>\n<p>&nbsp;<\/p>\n<p>&nbsp;<\/p>\n<p>&nbsp;<\/p>\n<p>&nbsp;<\/p>\n<p>&nbsp;<\/p>\n<p>&nbsp;<\/p>\n<p>&nbsp;<\/p>\n<p>&nbsp;<\/p>\n<p>&nbsp;<\/p>\n<p>&nbsp;<\/p>\n<p>&nbsp;<\/p>\n<h3><\/h3>\n<h3 style=\"text-align: left;\"><b>DESCARGAS<\/b><\/h3>\n<div class=\"wp-block-file\" style=\"text-align: left;\">\n<h4><a href=\"https:\/\/iep-sa.com.ar\/wp-content\/uploads\/2021\/10\/FO14-4.pdf\" target=\"_blank\" rel=\"noopener\">Fo14 Ficha T\u00e9cnica<\/a><\/h4>\n<h4><a href=\"https:\/\/iep-sa.com.ar\/wp-content\/uploads\/2021\/10\/FO14-CAD.dwg_.zip\">Fo14 cad<\/a><\/h4>\n<h4><a style=\"font-size: 20px;\" href=\"https:\/\/iep-sa.com.ar\/wp-content\/uploads\/2021\/10\/FOTOMETRIAS20EN2028IES29-2.zip\">Fo14 Fotometr\u00edas<\/a><\/h4>\n<\/div>\n<p>&nbsp;<\/p>\n<div class=\"wp-block-file\" style=\"text-align: left;\">\n<h4 class=\"wp-block-file\"><\/h4>\n<\/div>\n","protected":false},"excerpt":{"rendered":"<p style=\"text-align: left;\">Luminaria de dise\u00f1o moderno, adecuada para aplicaciones de alumbrado en parques y espacios p\u00fablicos. Ideal para delinear senderos y bicisendas. Diametro del ca\u00f1o de 150 mm. Luminaria hecha de aleaci\u00f3n de aluminio o acero inoxidable. Conjunto \u00f3ptico en la parte superior, IP65 , con leds alta potencia y lentes. Anclaje de luminaria con columna embutida en piso. Cuerpo inferior de la luminaria con puerta de inspecci\u00f3n insertadas de aluminio inyectado y pestillo en la misma<\/p>\n","protected":false},"featured_media":4716,"template":"","meta":{"_joinchat":[]},"product_brand":[],"product_cat":[125,128,76,135,127,126,124,157,158,59],"product_tag":[],"class_list":{"0":"post-3826","1":"product","2":"type-product","3":"status-publish","4":"has-post-thumbnail","6":"product_cat-bicisendas","7":"product_cat-costaneras","8":"product_cat-estacionamientos","9":"product_cat-exterior","10":"product_cat-paseos","11":"product_cat-peatonales","12":"product_cat-plazas","13":"product_cat-telegestion-y-domotica","14":"product_cat-urbanizacion","15":"product_cat-urbano-decorativo","17":"first","18":"instock","19":"shipping-taxable","20":"product-type-simple","21":"layout-style-1","22":"col-md-4 col-sm-4 col-xs-6","23":"col-lg-3","24":"product-has-gallery","25":"product-style-default"},"yoast_head":"<!-- This site is optimized with the Yoast SEO plugin v27.4 - https:\/\/yoast.com\/product\/yoast-seo-wordpress\/ -->\n<title>FO14 - IEP - Iluminaci\u00f3n Eficiente Profesional<\/title>\n<meta name=\"robots\" content=\"index, follow, max-snippet:-1, max-image-preview:large, max-video-preview:-1\" \/>\n<link rel=\"canonical\" href=\"https:\/\/iep-sa.com.ar\/producto\/fo14\/\" \/>\n<meta property=\"og:locale\" content=\"es_ES\" \/>\n<meta property=\"og:type\" content=\"article\" \/>\n<meta property=\"og:title\" content=\"FO14 - IEP - Iluminaci\u00f3n Eficiente Profesional\" \/>\n<meta property=\"og:description\" content=\"Luminaria de dise\u00f1o moderno, adecuada para aplicaciones de alumbrado en parques y espacios p\u00fablicos. Ideal para delinear senderos y bicisendas. Diametro del ca\u00f1o de 150 mm. Luminaria hecha de aleaci\u00f3n de aluminio o acero inoxidable. Conjunto \u00f3ptico en la parte superior, IP65 , con leds alta potencia y lentes. Anclaje de luminaria con columna embutida en piso. Cuerpo inferior de la luminaria con puerta de inspecci\u00f3n insertadas de aluminio inyectado y pestillo en la misma\" \/>\n<meta property=\"og:url\" content=\"https:\/\/iep-sa.com.ar\/producto\/fo14\/\" \/>\n<meta property=\"og:site_name\" content=\"IEP - Iluminaci\u00f3n Eficiente Profesional\" \/>\n<meta property=\"article:modified_time\" content=\"2024-01-23T14:28:02+00:00\" \/>\n<meta property=\"og:image\" content=\"https:\/\/lightyellow-boar-299687.hostingersite.com\/wp-content\/uploads\/2021\/10\/fo14-1.png\" \/>\n\t<meta property=\"og:image:width\" content=\"1216\" \/>\n\t<meta property=\"og:image:height\" content=\"1226\" \/>\n\t<meta property=\"og:image:type\" content=\"image\/png\" \/>\n<meta name=\"twitter:card\" content=\"summary_large_image\" \/>\n<meta name=\"twitter:label1\" content=\"Tiempo de lectura\" \/>\n\t<meta name=\"twitter:data1\" content=\"1 minuto\" \/>\n<script type=\"application\/ld+json\" class=\"yoast-schema-graph\">{\"@context\":\"https:\\\/\\\/schema.org\",\"@graph\":[{\"@type\":\"WebPage\",\"@id\":\"https:\\\/\\\/iep-sa.com.ar\\\/producto\\\/fo14\\\/\",\"url\":\"https:\\\/\\\/iep-sa.com.ar\\\/producto\\\/fo14\\\/\",\"name\":\"FO14 - IEP - Iluminaci\u00f3n Eficiente Profesional\",\"isPartOf\":{\"@id\":\"https:\\\/\\\/iep-sa.com.ar\\\/#website\"},\"primaryImageOfPage\":{\"@id\":\"https:\\\/\\\/iep-sa.com.ar\\\/producto\\\/fo14\\\/#primaryimage\"},\"image\":{\"@id\":\"https:\\\/\\\/iep-sa.com.ar\\\/producto\\\/fo14\\\/#primaryimage\"},\"thumbnailUrl\":\"https:\\\/\\\/iep-sa.com.ar\\\/wp-content\\\/uploads\\\/2021\\\/10\\\/fo14-1.png\",\"datePublished\":\"2021-10-20T12:59:02+00:00\",\"dateModified\":\"2024-01-23T14:28:02+00:00\",\"breadcrumb\":{\"@id\":\"https:\\\/\\\/iep-sa.com.ar\\\/producto\\\/fo14\\\/#breadcrumb\"},\"inLanguage\":\"es\",\"potentialAction\":[{\"@type\":\"ReadAction\",\"target\":[\"https:\\\/\\\/iep-sa.com.ar\\\/producto\\\/fo14\\\/\"]}]},{\"@type\":\"ImageObject\",\"inLanguage\":\"es\",\"@id\":\"https:\\\/\\\/iep-sa.com.ar\\\/producto\\\/fo14\\\/#primaryimage\",\"url\":\"https:\\\/\\\/iep-sa.com.ar\\\/wp-content\\\/uploads\\\/2021\\\/10\\\/fo14-1.png\",\"contentUrl\":\"https:\\\/\\\/iep-sa.com.ar\\\/wp-content\\\/uploads\\\/2021\\\/10\\\/fo14-1.png\",\"width\":1216,\"height\":1226},{\"@type\":\"BreadcrumbList\",\"@id\":\"https:\\\/\\\/iep-sa.com.ar\\\/producto\\\/fo14\\\/#breadcrumb\",\"itemListElement\":[{\"@type\":\"ListItem\",\"position\":1,\"name\":\"Portada\",\"item\":\"https:\\\/\\\/iep-sa.com.ar\\\/\"},{\"@type\":\"ListItem\",\"position\":2,\"name\":\"Productos\",\"item\":\"https:\\\/\\\/iep-sa.com.ar\\\/productos\\\/\"},{\"@type\":\"ListItem\",\"position\":3,\"name\":\"FO14\"}]},{\"@type\":\"WebSite\",\"@id\":\"https:\\\/\\\/iep-sa.com.ar\\\/#website\",\"url\":\"https:\\\/\\\/iep-sa.com.ar\\\/\",\"name\":\"IEP - Iluminaci\u00f3n Eficiente Profesional\",\"description\":\"Iluminaci\u00f3n Vial - Profesional - Decorativa - Estacionamientos - Gasolineras - Deportiva - P\u00fablica - Privada\",\"publisher\":{\"@id\":\"https:\\\/\\\/iep-sa.com.ar\\\/#organization\"},\"potentialAction\":[{\"@type\":\"SearchAction\",\"target\":{\"@type\":\"EntryPoint\",\"urlTemplate\":\"https:\\\/\\\/iep-sa.com.ar\\\/?s={search_term_string}\"},\"query-input\":{\"@type\":\"PropertyValueSpecification\",\"valueRequired\":true,\"valueName\":\"search_term_string\"}}],\"inLanguage\":\"es\"},{\"@type\":\"Organization\",\"@id\":\"https:\\\/\\\/iep-sa.com.ar\\\/#organization\",\"name\":\"IEP - Iluminaci\u00f3n Eficiente Profesional\",\"url\":\"https:\\\/\\\/iep-sa.com.ar\\\/\",\"logo\":{\"@type\":\"ImageObject\",\"inLanguage\":\"es\",\"@id\":\"https:\\\/\\\/iep-sa.com.ar\\\/#\\\/schema\\\/logo\\\/image\\\/\",\"url\":\"https:\\\/\\\/iep-sa.com.ar\\\/wp-content\\\/uploads\\\/2022\\\/11\\\/cropped-favicon.jpg\",\"contentUrl\":\"https:\\\/\\\/iep-sa.com.ar\\\/wp-content\\\/uploads\\\/2022\\\/11\\\/cropped-favicon.jpg\",\"width\":512,\"height\":512,\"caption\":\"IEP - Iluminaci\u00f3n Eficiente Profesional\"},\"image\":{\"@id\":\"https:\\\/\\\/iep-sa.com.ar\\\/#\\\/schema\\\/logo\\\/image\\\/\"}}]}<\/script>\n<!-- \/ Yoast SEO plugin. -->","yoast_head_json":{"title":"FO14 - IEP - Iluminaci\u00f3n Eficiente Profesional","robots":{"index":"index","follow":"follow","max-snippet":"max-snippet:-1","max-image-preview":"max-image-preview:large","max-video-preview":"max-video-preview:-1"},"canonical":"https:\/\/iep-sa.com.ar\/producto\/fo14\/","og_locale":"es_ES","og_type":"article","og_title":"FO14 - IEP - Iluminaci\u00f3n Eficiente Profesional","og_description":"Luminaria de dise\u00f1o moderno, adecuada para aplicaciones de alumbrado en parques y espacios p\u00fablicos. Ideal para delinear senderos y bicisendas. Diametro del ca\u00f1o de 150 mm. Luminaria hecha de aleaci\u00f3n de aluminio o acero inoxidable. Conjunto \u00f3ptico en la parte superior, IP65 , con leds alta potencia y lentes. Anclaje de luminaria con columna embutida en piso. Cuerpo inferior de la luminaria con puerta de inspecci\u00f3n insertadas de aluminio inyectado y pestillo en la misma","og_url":"https:\/\/iep-sa.com.ar\/producto\/fo14\/","og_site_name":"IEP - Iluminaci\u00f3n Eficiente Profesional","article_modified_time":"2024-01-23T14:28:02+00:00","og_image":[{"width":1216,"height":1226,"url":"https:\/\/lightyellow-boar-299687.hostingersite.com\/wp-content\/uploads\/2021\/10\/fo14-1.png","type":"image\/png"}],"twitter_card":"summary_large_image","twitter_misc":{"Tiempo de lectura":"1 minuto"},"schema":{"@context":"https:\/\/schema.org","@graph":[{"@type":"WebPage","@id":"https:\/\/iep-sa.com.ar\/producto\/fo14\/","url":"https:\/\/iep-sa.com.ar\/producto\/fo14\/","name":"FO14 - IEP - Iluminaci\u00f3n Eficiente Profesional","isPartOf":{"@id":"https:\/\/iep-sa.com.ar\/#website"},"primaryImageOfPage":{"@id":"https:\/\/iep-sa.com.ar\/producto\/fo14\/#primaryimage"},"image":{"@id":"https:\/\/iep-sa.com.ar\/producto\/fo14\/#primaryimage"},"thumbnailUrl":"https:\/\/iep-sa.com.ar\/wp-content\/uploads\/2021\/10\/fo14-1.png","datePublished":"2021-10-20T12:59:02+00:00","dateModified":"2024-01-23T14:28:02+00:00","breadcrumb":{"@id":"https:\/\/iep-sa.com.ar\/producto\/fo14\/#breadcrumb"},"inLanguage":"es","potentialAction":[{"@type":"ReadAction","target":["https:\/\/iep-sa.com.ar\/producto\/fo14\/"]}]},{"@type":"ImageObject","inLanguage":"es","@id":"https:\/\/iep-sa.com.ar\/producto\/fo14\/#primaryimage","url":"https:\/\/iep-sa.com.ar\/wp-content\/uploads\/2021\/10\/fo14-1.png","contentUrl":"https:\/\/iep-sa.com.ar\/wp-content\/uploads\/2021\/10\/fo14-1.png","width":1216,"height":1226},{"@type":"BreadcrumbList","@id":"https:\/\/iep-sa.com.ar\/producto\/fo14\/#breadcrumb","itemListElement":[{"@type":"ListItem","position":1,"name":"Portada","item":"https:\/\/iep-sa.com.ar\/"},{"@type":"ListItem","position":2,"name":"Productos","item":"https:\/\/iep-sa.com.ar\/productos\/"},{"@type":"ListItem","position":3,"name":"FO14"}]},{"@type":"WebSite","@id":"https:\/\/iep-sa.com.ar\/#website","url":"https:\/\/iep-sa.com.ar\/","name":"IEP - Iluminaci\u00f3n Eficiente Profesional","description":"Iluminaci\u00f3n Vial - Profesional - Decorativa - Estacionamientos - Gasolineras - Deportiva - P\u00fablica - Privada","publisher":{"@id":"https:\/\/iep-sa.com.ar\/#organization"},"potentialAction":[{"@type":"SearchAction","target":{"@type":"EntryPoint","urlTemplate":"https:\/\/iep-sa.com.ar\/?s={search_term_string}"},"query-input":{"@type":"PropertyValueSpecification","valueRequired":true,"valueName":"search_term_string"}}],"inLanguage":"es"},{"@type":"Organization","@id":"https:\/\/iep-sa.com.ar\/#organization","name":"IEP - Iluminaci\u00f3n Eficiente Profesional","url":"https:\/\/iep-sa.com.ar\/","logo":{"@type":"ImageObject","inLanguage":"es","@id":"https:\/\/iep-sa.com.ar\/#\/schema\/logo\/image\/","url":"https:\/\/iep-sa.com.ar\/wp-content\/uploads\/2022\/11\/cropped-favicon.jpg","contentUrl":"https:\/\/iep-sa.com.ar\/wp-content\/uploads\/2022\/11\/cropped-favicon.jpg","width":512,"height":512,"caption":"IEP - Iluminaci\u00f3n Eficiente Profesional"},"image":{"@id":"https:\/\/iep-sa.com.ar\/#\/schema\/logo\/image\/"}}]}},"_links":{"self":[{"href":"https:\/\/iep-sa.com.ar\/nuevo\/wp-json\/wp\/v2\/product\/3826","targetHints":{"allow":["GET"]}}],"collection":[{"href":"https:\/\/iep-sa.com.ar\/nuevo\/wp-json\/wp\/v2\/product"}],"about":[{"href":"https:\/\/iep-sa.com.ar\/nuevo\/wp-json\/wp\/v2\/types\/product"}],"wp:featuredmedia":[{"embeddable":true,"href":"https:\/\/iep-sa.com.ar\/nuevo\/wp-json\/wp\/v2\/media\/4716"}],"wp:attachment":[{"href":"https:\/\/iep-sa.com.ar\/nuevo\/wp-json\/wp\/v2\/media?parent=3826"}],"wp:term":[{"taxonomy":"product_brand","embeddable":true,"href":"https:\/\/iep-sa.com.ar\/nuevo\/wp-json\/wp\/v2\/product_brand?post=3826"},{"taxonomy":"product_cat","embeddable":true,"href":"https:\/\/iep-sa.com.ar\/nuevo\/wp-json\/wp\/v2\/product_cat?post=3826"},{"taxonomy":"product_tag","embeddable":true,"href":"https:\/\/iep-sa.com.ar\/nuevo\/wp-json\/wp\/v2\/product_tag?post=3826"}],"curies":[{"name":"wp","href":"https:\/\/api.w.org\/{rel}","templated":true}]}}