{"id":3654,"date":"2021-10-19T00:19:20","date_gmt":"2021-10-19T00:19:20","guid":{"rendered":"https:\/\/iep-sa.com.ar\/nuevo\/?post_type=product&#038;p=3654"},"modified":"2022-03-09T12:42:49","modified_gmt":"2022-03-09T12:42:49","slug":"nath-lxf-istanium-led-2-3","status":"publish","type":"product","link":"https:\/\/iep-sa.com.ar\/nuevo\/producto\/nath-lxf-istanium-led-2-3\/","title":{"rendered":"NATH L  LED 2.3"},"content":{"rendered":"<h3 style=\"text-align: left;\"><b>CARACTERISTICAS<\/b><b><\/b><\/h3>\n<h3 style=\"text-align: left;\"><b><a href=\"https:\/\/iep-sa.com.ar\/wp-content\/uploads\/2021\/10\/nath-1.png\"><img fetchpriority=\"high\" decoding=\"async\" class=\"size-large wp-image-4577 alignleft\" src=\"https:\/\/iep-sa.com.ar\/wp-content\/uploads\/2021\/10\/nath-1-1024x833.png\" alt=\"\" width=\"640\" height=\"521\" srcset=\"https:\/\/iep-sa.com.ar\/wp-content\/uploads\/2021\/10\/nath-1-1024x833.png 1024w, https:\/\/iep-sa.com.ar\/wp-content\/uploads\/2021\/10\/nath-1-300x244.png 300w, https:\/\/iep-sa.com.ar\/wp-content\/uploads\/2021\/10\/nath-1-768x625.png 768w, https:\/\/iep-sa.com.ar\/wp-content\/uploads\/2021\/10\/nath-1-600x488.png 600w, https:\/\/iep-sa.com.ar\/wp-content\/uploads\/2021\/10\/nath-1.png 1092w\" sizes=\"(max-width: 640px) 100vw, 640px\" \/><\/a><a href=\"https:\/\/iep-sa.com.ar\/wp-content\/uploads\/2021\/10\/Catalogo-Nath-L-y-S-argentina-2018-1-2.png\"><img decoding=\"async\" class=\"size-large wp-image-3659 alignleft\" src=\"https:\/\/iep-sa.com.ar\/wp-content\/uploads\/2021\/10\/Catalogo-Nath-L-y-S-argentina-2018-1-2-1024x844.png\" alt=\"\" width=\"640\" height=\"528\" srcset=\"https:\/\/iep-sa.com.ar\/wp-content\/uploads\/2021\/10\/Catalogo-Nath-L-y-S-argentina-2018-1-2-1024x844.png 1024w, https:\/\/iep-sa.com.ar\/wp-content\/uploads\/2021\/10\/Catalogo-Nath-L-y-S-argentina-2018-1-2-300x247.png 300w, https:\/\/iep-sa.com.ar\/wp-content\/uploads\/2021\/10\/Catalogo-Nath-L-y-S-argentina-2018-1-2-768x633.png 768w, https:\/\/iep-sa.com.ar\/wp-content\/uploads\/2021\/10\/Catalogo-Nath-L-y-S-argentina-2018-1-2-600x495.png 600w, https:\/\/iep-sa.com.ar\/wp-content\/uploads\/2021\/10\/Catalogo-Nath-L-y-S-argentina-2018-1-2.png 1200w\" sizes=\"(max-width: 640px) 100vw, 640px\" \/><\/a><\/b><\/h3>\n<h3><\/h3>\n<p>&nbsp;<\/p>\n<h3><\/h3>\n<h3><\/h3>\n<h3><\/h3>\n<h3><\/h3>\n<p>&nbsp;<\/p>\n<p>&nbsp;<\/p>\n<h3><\/h3>\n<h3><\/h3>\n<h3><\/h3>\n<h3><\/h3>\n<p>&nbsp;<\/p>\n<p>&nbsp;<\/p>\n<p>&nbsp;<\/p>\n<p>&nbsp;<\/p>\n<p>&nbsp;<\/p>\n<h3><\/h3>\n<h3><\/h3>\n<h3><\/h3>\n<h3><\/h3>\n<h3><\/h3>\n<h3><\/h3>\n<h3><\/h3>\n<h3><\/h3>\n<h3><\/h3>\n<h3><\/h3>\n<p>&nbsp;<\/p>\n<p>&nbsp;<\/p>\n<p>&nbsp;<\/p>\n<p>&nbsp;<\/p>\n<p>&nbsp;<\/p>\n<p>&nbsp;<\/p>\n<p>&nbsp;<\/p>\n<p>&nbsp;<\/p>\n<p>&nbsp;<\/p>\n<p>&nbsp;<\/p>\n<p>&nbsp;<\/p>\n<p>&nbsp;<\/p>\n<h3 style=\"text-align: left;\"><b>DIMENSIONES<\/b><\/h3>\n<p>&nbsp;<\/p>\n<p><a href=\"https:\/\/iep-sa.com.ar\/wp-content\/uploads\/2021\/10\/nath-3.png\"><img decoding=\"async\" class=\"wp-image-4578 alignleft\" src=\"https:\/\/iep-sa.com.ar\/wp-content\/uploads\/2021\/10\/nath-3-1024x312.png\" alt=\"\" width=\"532\" height=\"162\" srcset=\"https:\/\/iep-sa.com.ar\/wp-content\/uploads\/2021\/10\/nath-3-1024x312.png 1024w, https:\/\/iep-sa.com.ar\/wp-content\/uploads\/2021\/10\/nath-3-300x91.png 300w, https:\/\/iep-sa.com.ar\/wp-content\/uploads\/2021\/10\/nath-3-768x234.png 768w, https:\/\/iep-sa.com.ar\/wp-content\/uploads\/2021\/10\/nath-3-600x183.png 600w, https:\/\/iep-sa.com.ar\/wp-content\/uploads\/2021\/10\/nath-3.png 1064w\" sizes=\"(max-width: 532px) 100vw, 532px\" \/><\/a><\/p>\n<h3><\/h3>\n<h3><\/h3>\n<p>&nbsp;<\/p>\n<p>&nbsp;<\/p>\n<p>&nbsp;<\/p>\n<h3 style=\"text-align: left;\"><b>DESCARGAS<\/b><\/h3>\n<div class=\"wp-block-file\" style=\"text-align: left;\">\n<p><a href=\"https:\/\/iep-sa.com.ar\/wp-content\/uploads\/2021\/10\/NATH-L-S-.pdf\" target=\"_blank\" rel=\"noopener\">NATH L Ficha T\u00e9cnica<\/a><\/p>\n<p class=\"wp-block-file\"><a href=\"https:\/\/iep-sa.com.ar\/wp-content\/uploads\/2021\/10\/Nath-L-potencias-y-flujos-1.pdf\" target=\"_blank\" rel=\"noopener\">NATH-L-Potencias y Flujos<\/a><\/p>\n<p><a href=\"https:\/\/iep-sa.com.ar\/wp-content\/uploads\/2021\/10\/FOTOMETRIA-NATH-.zip\">Fotometrias<\/a><\/p>\n<p><a href=\"https:\/\/iep-sa.com.ar\/wp-content\/uploads\/2016\/09\/Hoja-de-instalacion-Nath-L.pdf\">Hoja de instalaci\u00f3n<\/a><\/p>\n<\/div>\n<p>&nbsp;<\/p>\n","protected":false},"excerpt":{"rendered":"<p style=\"text-align: left;\">Luminaria ideal para aplicaciones en alumbrado p\u00fablico, cuenta con las mejores prestaciones t\u00e9cnicas y de dise\u00f1o en su tipo, sus especificaciones cumplen con las Normas Nacionales e Internacionales, aprobada para su comercializaci\u00f3n en el mercado local mediante normas ratificadas por AENOR y elaboradas por el CEN (Comit\u00e9 Espa\u00f1ol de Iluminacion) que constituyen est\u00e1ndares europeos. Producida \u00edntegramente en Argentina dando cumplimiento al R\u00e9gimen de \u201cCompre Trabajo Argentino\u201d, Ley 25.551 \/ Decreto N\u00ba 1600\/02 y sus normas complementarias. Ha sido Premiada con el Sello Buen Dise\u00f1o Argentino superando los est\u00e1ndares requeridos en espacios tanto p\u00fablicos como privados, logrando gran nivel de Seguridad Fotobiol\u00f3gica Disponible en EFICIENTE, BALANCE y EXTREMO, 3 versiones de motores lum\u00ednicos con la \u00faltimas tecnolog\u00eda LED disponibles en el mundo, aportando diferentes niveles de vida \u00fatil y eficiencia para adaptarse a las necesidades especificas de los proyectos m\u00e1s exigentes.<\/p>\n<p><a href=\"https:\/\/iep-sa.com.ar\/wp-content\/uploads\/2021\/10\/Sello-del-buen-disen\u0303o.png\"><img loading=\"lazy\" decoding=\"async\" class=\"wp-image-4576 alignleft\" src=\"https:\/\/iep-sa.com.ar\/wp-content\/uploads\/2021\/10\/Sello-del-buen-disen\u0303o.png\" alt=\"\" width=\"303\" height=\"170\" srcset=\"https:\/\/iep-sa.com.ar\/wp-content\/uploads\/2021\/10\/Sello-del-buen-disen\u0303o.png 966w, https:\/\/iep-sa.com.ar\/wp-content\/uploads\/2021\/10\/Sello-del-buen-disen\u0303o-300x168.png 300w, https:\/\/iep-sa.com.ar\/wp-content\/uploads\/2021\/10\/Sello-del-buen-disen\u0303o-768x431.png 768w, https:\/\/iep-sa.com.ar\/wp-content\/uploads\/2021\/10\/Sello-del-buen-disen\u0303o-600x337.png 600w\" sizes=\"(max-width: 303px) 100vw, 303px\" \/><\/a><\/p>\n<p>&nbsp;<\/p>\n","protected":false},"featured_media":4597,"template":"","meta":{"_joinchat":[]},"product_brand":[],"product_cat":[120,121,76,135,124,157,123,154,158,59],"product_tag":[],"class_list":{"0":"post-3654","1":"product","2":"type-product","3":"status-publish","4":"has-post-thumbnail","6":"product_cat-autopistas","7":"product_cat-avenidas-principales","8":"product_cat-estacionamientos","9":"product_cat-exterior","10":"product_cat-plazas","11":"product_cat-telegestion-y-domotica","12":"product_cat-torres-de-iluminacion","13":"product_cat-tuneles-y-puentes","14":"product_cat-urbanizacion","15":"product_cat-urbano-decorativo","17":"first","18":"instock","19":"shipping-taxable","20":"product-type-simple","21":"layout-style-1","22":"col-md-4 col-sm-4 col-xs-6","23":"col-lg-3","24":"product-has-gallery","25":"product-style-default"},"yoast_head":"<!-- This site is optimized with the Yoast SEO plugin v27.4 - https:\/\/yoast.com\/product\/yoast-seo-wordpress\/ -->\n<title>NATH L LED 2.3 - IEP - Iluminaci\u00f3n Eficiente Profesional<\/title>\n<meta name=\"robots\" content=\"index, follow, max-snippet:-1, max-image-preview:large, max-video-preview:-1\" \/>\n<link rel=\"canonical\" href=\"https:\/\/iep-sa.com.ar\/producto\/nath-lxf-istanium-led-2-3\/\" \/>\n<meta property=\"og:locale\" content=\"es_ES\" \/>\n<meta property=\"og:type\" content=\"article\" \/>\n<meta property=\"og:title\" content=\"NATH L LED 2.3 - IEP - Iluminaci\u00f3n Eficiente Profesional\" \/>\n<meta property=\"og:description\" content=\"Luminaria ideal para aplicaciones en alumbrado p\u00fablico, cuenta con las mejores prestaciones t\u00e9cnicas y de dise\u00f1o en su tipo, sus especificaciones cumplen con las Normas Nacionales e Internacionales, aprobada para su comercializaci\u00f3n en el mercado local mediante normas ratificadas por AENOR y elaboradas por el CEN (Comit\u00e9 Espa\u00f1ol de Iluminacion) que constituyen est\u00e1ndares europeos. Producida \u00edntegramente en Argentina dando cumplimiento al R\u00e9gimen de \u201cCompre Trabajo Argentino\u201d, Ley 25.551 \/ Decreto N\u00ba 1600\/02 y sus normas complementarias. Ha sido Premiada con el Sello Buen Dise\u00f1o Argentino superando los est\u00e1ndares requeridos en espacios tanto p\u00fablicos como privados, logrando gran nivel de Seguridad Fotobiol\u00f3gica Disponible en EFICIENTE, BALANCE y EXTREMO, 3 versiones de motores lum\u00ednicos con la \u00faltimas tecnolog\u00eda LED disponibles en el mundo, aportando diferentes niveles de vida \u00fatil y eficiencia para adaptarse a las necesidades especificas de los proyectos m\u00e1s exigentes.   &nbsp;\" \/>\n<meta property=\"og:url\" content=\"https:\/\/iep-sa.com.ar\/producto\/nath-lxf-istanium-led-2-3\/\" \/>\n<meta property=\"og:site_name\" content=\"IEP - Iluminaci\u00f3n Eficiente Profesional\" \/>\n<meta property=\"article:modified_time\" content=\"2022-03-09T12:42:49+00:00\" \/>\n<meta property=\"og:image\" content=\"https:\/\/lightyellow-boar-299687.hostingersite.com\/wp-content\/uploads\/2021\/10\/Nath-l-1.jpg\" \/>\n\t<meta property=\"og:image:width\" content=\"800\" \/>\n\t<meta property=\"og:image:height\" content=\"800\" \/>\n\t<meta property=\"og:image:type\" content=\"image\/jpeg\" \/>\n<meta name=\"twitter:card\" content=\"summary_large_image\" \/>\n<meta name=\"twitter:label1\" content=\"Tiempo de lectura\" \/>\n\t<meta name=\"twitter:data1\" content=\"1 minuto\" \/>\n<script type=\"application\/ld+json\" class=\"yoast-schema-graph\">{\"@context\":\"https:\\\/\\\/schema.org\",\"@graph\":[{\"@type\":\"WebPage\",\"@id\":\"https:\\\/\\\/iep-sa.com.ar\\\/producto\\\/nath-lxf-istanium-led-2-3\\\/\",\"url\":\"https:\\\/\\\/iep-sa.com.ar\\\/producto\\\/nath-lxf-istanium-led-2-3\\\/\",\"name\":\"NATH L LED 2.3 - IEP - Iluminaci\u00f3n Eficiente Profesional\",\"isPartOf\":{\"@id\":\"https:\\\/\\\/iep-sa.com.ar\\\/#website\"},\"primaryImageOfPage\":{\"@id\":\"https:\\\/\\\/iep-sa.com.ar\\\/producto\\\/nath-lxf-istanium-led-2-3\\\/#primaryimage\"},\"image\":{\"@id\":\"https:\\\/\\\/iep-sa.com.ar\\\/producto\\\/nath-lxf-istanium-led-2-3\\\/#primaryimage\"},\"thumbnailUrl\":\"https:\\\/\\\/iep-sa.com.ar\\\/wp-content\\\/uploads\\\/2021\\\/10\\\/Nath-l-1.jpg\",\"datePublished\":\"2021-10-19T00:19:20+00:00\",\"dateModified\":\"2022-03-09T12:42:49+00:00\",\"breadcrumb\":{\"@id\":\"https:\\\/\\\/iep-sa.com.ar\\\/producto\\\/nath-lxf-istanium-led-2-3\\\/#breadcrumb\"},\"inLanguage\":\"es\",\"potentialAction\":[{\"@type\":\"ReadAction\",\"target\":[\"https:\\\/\\\/iep-sa.com.ar\\\/producto\\\/nath-lxf-istanium-led-2-3\\\/\"]}]},{\"@type\":\"ImageObject\",\"inLanguage\":\"es\",\"@id\":\"https:\\\/\\\/iep-sa.com.ar\\\/producto\\\/nath-lxf-istanium-led-2-3\\\/#primaryimage\",\"url\":\"https:\\\/\\\/iep-sa.com.ar\\\/wp-content\\\/uploads\\\/2021\\\/10\\\/Nath-l-1.jpg\",\"contentUrl\":\"https:\\\/\\\/iep-sa.com.ar\\\/wp-content\\\/uploads\\\/2021\\\/10\\\/Nath-l-1.jpg\",\"width\":800,\"height\":800},{\"@type\":\"BreadcrumbList\",\"@id\":\"https:\\\/\\\/iep-sa.com.ar\\\/producto\\\/nath-lxf-istanium-led-2-3\\\/#breadcrumb\",\"itemListElement\":[{\"@type\":\"ListItem\",\"position\":1,\"name\":\"Portada\",\"item\":\"https:\\\/\\\/iep-sa.com.ar\\\/\"},{\"@type\":\"ListItem\",\"position\":2,\"name\":\"Productos\",\"item\":\"https:\\\/\\\/iep-sa.com.ar\\\/productos\\\/\"},{\"@type\":\"ListItem\",\"position\":3,\"name\":\"NATH L LED 2.3\"}]},{\"@type\":\"WebSite\",\"@id\":\"https:\\\/\\\/iep-sa.com.ar\\\/#website\",\"url\":\"https:\\\/\\\/iep-sa.com.ar\\\/\",\"name\":\"IEP - Iluminaci\u00f3n Eficiente Profesional\",\"description\":\"Iluminaci\u00f3n Vial - Profesional - Decorativa - Estacionamientos - Gasolineras - Deportiva - P\u00fablica - Privada\",\"publisher\":{\"@id\":\"https:\\\/\\\/iep-sa.com.ar\\\/#organization\"},\"potentialAction\":[{\"@type\":\"SearchAction\",\"target\":{\"@type\":\"EntryPoint\",\"urlTemplate\":\"https:\\\/\\\/iep-sa.com.ar\\\/?s={search_term_string}\"},\"query-input\":{\"@type\":\"PropertyValueSpecification\",\"valueRequired\":true,\"valueName\":\"search_term_string\"}}],\"inLanguage\":\"es\"},{\"@type\":\"Organization\",\"@id\":\"https:\\\/\\\/iep-sa.com.ar\\\/#organization\",\"name\":\"IEP - Iluminaci\u00f3n Eficiente Profesional\",\"url\":\"https:\\\/\\\/iep-sa.com.ar\\\/\",\"logo\":{\"@type\":\"ImageObject\",\"inLanguage\":\"es\",\"@id\":\"https:\\\/\\\/iep-sa.com.ar\\\/#\\\/schema\\\/logo\\\/image\\\/\",\"url\":\"https:\\\/\\\/iep-sa.com.ar\\\/wp-content\\\/uploads\\\/2022\\\/11\\\/cropped-favicon.jpg\",\"contentUrl\":\"https:\\\/\\\/iep-sa.com.ar\\\/wp-content\\\/uploads\\\/2022\\\/11\\\/cropped-favicon.jpg\",\"width\":512,\"height\":512,\"caption\":\"IEP - Iluminaci\u00f3n Eficiente Profesional\"},\"image\":{\"@id\":\"https:\\\/\\\/iep-sa.com.ar\\\/#\\\/schema\\\/logo\\\/image\\\/\"}}]}<\/script>\n<!-- \/ Yoast SEO plugin. -->","yoast_head_json":{"title":"NATH L LED 2.3 - IEP - Iluminaci\u00f3n Eficiente Profesional","robots":{"index":"index","follow":"follow","max-snippet":"max-snippet:-1","max-image-preview":"max-image-preview:large","max-video-preview":"max-video-preview:-1"},"canonical":"https:\/\/iep-sa.com.ar\/producto\/nath-lxf-istanium-led-2-3\/","og_locale":"es_ES","og_type":"article","og_title":"NATH L LED 2.3 - IEP - Iluminaci\u00f3n Eficiente Profesional","og_description":"Luminaria ideal para aplicaciones en alumbrado p\u00fablico, cuenta con las mejores prestaciones t\u00e9cnicas y de dise\u00f1o en su tipo, sus especificaciones cumplen con las Normas Nacionales e Internacionales, aprobada para su comercializaci\u00f3n en el mercado local mediante normas ratificadas por AENOR y elaboradas por el CEN (Comit\u00e9 Espa\u00f1ol de Iluminacion) que constituyen est\u00e1ndares europeos. Producida \u00edntegramente en Argentina dando cumplimiento al R\u00e9gimen de \u201cCompre Trabajo Argentino\u201d, Ley 25.551 \/ Decreto N\u00ba 1600\/02 y sus normas complementarias. Ha sido Premiada con el Sello Buen Dise\u00f1o Argentino superando los est\u00e1ndares requeridos en espacios tanto p\u00fablicos como privados, logrando gran nivel de Seguridad Fotobiol\u00f3gica Disponible en EFICIENTE, BALANCE y EXTREMO, 3 versiones de motores lum\u00ednicos con la \u00faltimas tecnolog\u00eda LED disponibles en el mundo, aportando diferentes niveles de vida \u00fatil y eficiencia para adaptarse a las necesidades especificas de los proyectos m\u00e1s exigentes.   &nbsp;","og_url":"https:\/\/iep-sa.com.ar\/producto\/nath-lxf-istanium-led-2-3\/","og_site_name":"IEP - Iluminaci\u00f3n Eficiente Profesional","article_modified_time":"2022-03-09T12:42:49+00:00","og_image":[{"width":800,"height":800,"url":"https:\/\/lightyellow-boar-299687.hostingersite.com\/wp-content\/uploads\/2021\/10\/Nath-l-1.jpg","type":"image\/jpeg"}],"twitter_card":"summary_large_image","twitter_misc":{"Tiempo de lectura":"1 minuto"},"schema":{"@context":"https:\/\/schema.org","@graph":[{"@type":"WebPage","@id":"https:\/\/iep-sa.com.ar\/producto\/nath-lxf-istanium-led-2-3\/","url":"https:\/\/iep-sa.com.ar\/producto\/nath-lxf-istanium-led-2-3\/","name":"NATH L LED 2.3 - IEP - Iluminaci\u00f3n Eficiente Profesional","isPartOf":{"@id":"https:\/\/iep-sa.com.ar\/#website"},"primaryImageOfPage":{"@id":"https:\/\/iep-sa.com.ar\/producto\/nath-lxf-istanium-led-2-3\/#primaryimage"},"image":{"@id":"https:\/\/iep-sa.com.ar\/producto\/nath-lxf-istanium-led-2-3\/#primaryimage"},"thumbnailUrl":"https:\/\/iep-sa.com.ar\/wp-content\/uploads\/2021\/10\/Nath-l-1.jpg","datePublished":"2021-10-19T00:19:20+00:00","dateModified":"2022-03-09T12:42:49+00:00","breadcrumb":{"@id":"https:\/\/iep-sa.com.ar\/producto\/nath-lxf-istanium-led-2-3\/#breadcrumb"},"inLanguage":"es","potentialAction":[{"@type":"ReadAction","target":["https:\/\/iep-sa.com.ar\/producto\/nath-lxf-istanium-led-2-3\/"]}]},{"@type":"ImageObject","inLanguage":"es","@id":"https:\/\/iep-sa.com.ar\/producto\/nath-lxf-istanium-led-2-3\/#primaryimage","url":"https:\/\/iep-sa.com.ar\/wp-content\/uploads\/2021\/10\/Nath-l-1.jpg","contentUrl":"https:\/\/iep-sa.com.ar\/wp-content\/uploads\/2021\/10\/Nath-l-1.jpg","width":800,"height":800},{"@type":"BreadcrumbList","@id":"https:\/\/iep-sa.com.ar\/producto\/nath-lxf-istanium-led-2-3\/#breadcrumb","itemListElement":[{"@type":"ListItem","position":1,"name":"Portada","item":"https:\/\/iep-sa.com.ar\/"},{"@type":"ListItem","position":2,"name":"Productos","item":"https:\/\/iep-sa.com.ar\/productos\/"},{"@type":"ListItem","position":3,"name":"NATH L LED 2.3"}]},{"@type":"WebSite","@id":"https:\/\/iep-sa.com.ar\/#website","url":"https:\/\/iep-sa.com.ar\/","name":"IEP - Iluminaci\u00f3n Eficiente Profesional","description":"Iluminaci\u00f3n Vial - Profesional - Decorativa - Estacionamientos - Gasolineras - Deportiva - P\u00fablica - Privada","publisher":{"@id":"https:\/\/iep-sa.com.ar\/#organization"},"potentialAction":[{"@type":"SearchAction","target":{"@type":"EntryPoint","urlTemplate":"https:\/\/iep-sa.com.ar\/?s={search_term_string}"},"query-input":{"@type":"PropertyValueSpecification","valueRequired":true,"valueName":"search_term_string"}}],"inLanguage":"es"},{"@type":"Organization","@id":"https:\/\/iep-sa.com.ar\/#organization","name":"IEP - Iluminaci\u00f3n Eficiente Profesional","url":"https:\/\/iep-sa.com.ar\/","logo":{"@type":"ImageObject","inLanguage":"es","@id":"https:\/\/iep-sa.com.ar\/#\/schema\/logo\/image\/","url":"https:\/\/iep-sa.com.ar\/wp-content\/uploads\/2022\/11\/cropped-favicon.jpg","contentUrl":"https:\/\/iep-sa.com.ar\/wp-content\/uploads\/2022\/11\/cropped-favicon.jpg","width":512,"height":512,"caption":"IEP - Iluminaci\u00f3n Eficiente Profesional"},"image":{"@id":"https:\/\/iep-sa.com.ar\/#\/schema\/logo\/image\/"}}]}},"_links":{"self":[{"href":"https:\/\/iep-sa.com.ar\/nuevo\/wp-json\/wp\/v2\/product\/3654","targetHints":{"allow":["GET"]}}],"collection":[{"href":"https:\/\/iep-sa.com.ar\/nuevo\/wp-json\/wp\/v2\/product"}],"about":[{"href":"https:\/\/iep-sa.com.ar\/nuevo\/wp-json\/wp\/v2\/types\/product"}],"wp:featuredmedia":[{"embeddable":true,"href":"https:\/\/iep-sa.com.ar\/nuevo\/wp-json\/wp\/v2\/media\/4597"}],"wp:attachment":[{"href":"https:\/\/iep-sa.com.ar\/nuevo\/wp-json\/wp\/v2\/media?parent=3654"}],"wp:term":[{"taxonomy":"product_brand","embeddable":true,"href":"https:\/\/iep-sa.com.ar\/nuevo\/wp-json\/wp\/v2\/product_brand?post=3654"},{"taxonomy":"product_cat","embeddable":true,"href":"https:\/\/iep-sa.com.ar\/nuevo\/wp-json\/wp\/v2\/product_cat?post=3654"},{"taxonomy":"product_tag","embeddable":true,"href":"https:\/\/iep-sa.com.ar\/nuevo\/wp-json\/wp\/v2\/product_tag?post=3654"}],"curies":[{"name":"wp","href":"https:\/\/api.w.org\/{rel}","templated":true}]}}